{"id":255,"date":"2024-08-28T14:30:50","date_gmt":"2024-08-28T14:30:50","guid":{"rendered":"https:\/\/alcansan.com\/wordpress_2\/?page_id=255"},"modified":"2024-09-25T19:23:10","modified_gmt":"2024-09-25T19:23:10","slug":"terminos-y-condiciones-de-uso","status":"publish","type":"page","link":"https:\/\/merkli.shop\/index.php\/terminos-y-condiciones-de-uso\/","title":{"rendered":"T\u00e9rminos y condiciones de uso"},"content":{"rendered":"<p><strong>T\u00e9rminos y condiciones<\/strong><\/p>\n<p>El acceso a este sitio est\u00e1 condicionado por la previa lectura y aceptaci\u00f3n de usted de las informaciones contenida en estos T\u00e9rminos y Condiciones.<\/p>\n<p>Si usted no estuviera de acuerdo con el contenido de las condiciones generales de acceso, navegaci\u00f3n y uso de este sitio, no podr\u00e1 acceder ni comprar los productos y servicios que este ofrece.<\/p>\n<p>Aceptando estos T\u00e9rminos y Condiciones, usted afirma y declara ser mayor de edad y disponer de la capacidad jur\u00eddica suficiente para registrarse en este sitio. Igualmente, acepta de forma expresa y sin excepciones que el acceso y la utilizaci\u00f3n del presente sitio web, de sus servicios y de los contenidos de dichos servicios, tiene lugar bajo su \u00fanica y exclusiva responsabilidad.<\/p>\n<p>&nbsp;<\/p>\n<p><strong>Derechos y obligaciones de nuestra tienda:<\/strong><\/p>\n<ul>\n<li>Merkli est\u00e1 obligada a prestar los servicios ofertados en la web y garantizar las comunicaciones con usted, as\u00ed como a responder a las reclamaciones y consultas que puedan surgir.<\/li>\n<li>Merkli tiene derecho a suspender temporalmente la accesibilidad a la presente web, para lo cual avisar\u00e1 con antelaci\u00f3n al Cliente. Asimismo, puede reservarse el derecho de prestaci\u00f3n o la cancelaci\u00f3n de los servicios en caso de efectuar operaciones de mantenimiento, reparaci\u00f3n, actualizaci\u00f3n o mejora de los servicios.<\/li>\n<li>Merkli se reserva el derecho de bloquear temporal o permanentemente la compra en su sitio a aquellos clientes que considere oportuno, este bloqueo podr\u00e1 aplicarse tanto a compradores como destinatarios.<\/li>\n<li>Los derechos de propiedad intelectual sobre el sitio web son titularidad de Merkli, as\u00ed como los derechos de reproducci\u00f3n, distribuci\u00f3n, comunicaci\u00f3n p\u00fablica y transformaci\u00f3n.<\/li>\n<\/ul>\n<p>&nbsp;<\/p>\n<p><strong>Derechos y obligaciones de usted<\/strong><\/p>\n<p>&nbsp;<\/p>\n<ul>\n<li>Los contenidos de esta web est\u00e1n a disposici\u00f3n de usted para su utilizaci\u00f3n sin ning\u00fan fin comercial y exclusivamente para su uso personal; s\u00f3lo con esos fines usted puede transferir los contenidos de esta web. Usted no puede, en consecuencia, distribuir, modificar, transmitir, reenviar o usar en forma dichos contenidos con fines comerciales.<\/li>\n<li>En todo momento usted debe realizar un uso l\u00edcito de los servicios de esta web, de acuerdo con la legalidad vigente, respetando los derechos de propiedad intelectual de Merkli.<\/li>\n<li>Usted no realizar\u00e1, a trav\u00e9s de los servicios que pone a su disposici\u00f3n Merkli, ninguna acci\u00f3n que cause da\u00f1o o alteraciones de los contenidos, u obstaculice el buen funcionamiento de la web. Comprometi\u00e9ndose expresamente por el solo uso de la misma a no causar problemas t\u00e9cnicos de cualquier \u00edndole, transferir elementos susceptibles de portar virus inform\u00e1ticos o da\u00f1ar, interferir o interceptar total o parcialmente la web, as\u00ed como a no intervenir o alterar el correo electr\u00f3nico de otros clientes.<\/li>\n<li>Usted es el responsable de la veracidad de los datos que introduzca en nuestra tienda; en el caso que sean falseados o inexactos Merkli se reserva el derecho de actuaci\u00f3n y de brindar o no el servicio.<\/li>\n<\/ul>\n<p>&nbsp;<\/p>\n<p><strong>Productos, contenido y especificaciones<\/strong><\/p>\n<p>&nbsp;<\/p>\n<ul>\n<li>En Merkli buscamos que usted est\u00e9 satisfecho con cada compra, garantizamos que todas las caracter\u00edsticas, contenido y especificaciones de los productos y servicios descritos o representados respondan a las especificaciones t\u00e9cnicas de cada uno, existiendo una correspondencia entre lo que se expone en la p\u00e1gina y lo que recibir\u00e1 en el momento de la entrega.<\/li>\n<li>Es responsabilidad de usted determinar que se cumpla con todo lo que establece la legislaci\u00f3n vigente, (incluidos los requisitos de edad m\u00ednima), en lo que respecta a la posesi\u00f3n, uso y compra de cualquier art\u00edculo en este sitio web.<\/li>\n<\/ul>\n<p>&nbsp;<\/p>\n<p><strong>Pol\u00edticas de precios<\/strong><\/p>\n<p>&nbsp;<\/p>\n<ul>\n<li>En Merkli buscamos la total transparencia con usted. Nuestra pol\u00edtica establece la validez de los precios de nuestros productos, as\u00ed como para las tarifas de servicio.<\/li>\n<li>La variaci\u00f3n de los precios de los productos ofertados en la tienda estar\u00e1 condicionada a la fluctuaci\u00f3n de los precios de las materias primas en el mercado nacional e internacional y otras condicionantes internas de la tienda.<\/li>\n<\/ul>\n<p>&nbsp;<\/p>\n<p><strong>Pol\u00edtica de privacidad<\/strong><\/p>\n<p>&nbsp;<\/p>\n<ul>\n<li>Merkli establece los t\u00e9rminos para el uso y protecci\u00f3n de la informaci\u00f3n que es proporcionada por sus clientes al momento de utilizar el sitio web. Nuestro equipo de trabajo tiene como compromiso el respeto por la privacidad de los clientes, as\u00ed como la protecci\u00f3n y seguridad de sus datos personales.<\/li>\n<li>Cuando le pedimos llenar los campos de informaci\u00f3n personal con la cual usted puede ser identificado, lo hacemos asegurando que solo se emplear\u00e1 de acuerdo con los t\u00e9rminos de este documento. Sin embargo, esta pol\u00edtica de privacidad puede cambiar con el tiempo o ser actualizada, por lo que recomendamos revisar continuamente esta p\u00e1gina para asegurarse que est\u00e1 de acuerdo con dichos cambios.<\/li>\n<li>Usted como Cliente deber\u00e1 tener un nombre de usuario y contrase\u00f1a para determinadas actividades en este sitio, adem\u00e1s podremos recoger informaci\u00f3n de contacto, como su direcci\u00f3n de correo electr\u00f3nico e informaci\u00f3n demogr\u00e1fica (edad, sexo, direcci\u00f3n, etc.).<\/li>\n<li>Dichos datos, suministrados por usted, son incorporados a nuestra base de datos, utiliz\u00e1ndose \u00fanicamente para la autenticaci\u00f3n del registro y tramitar el pedido. Nos comprometemos a no divulgar los datos a terceros, y utilizarlos solamente con fines de intercambio entre nuestra tienda y usted.<\/li>\n<li>Dichos datos pueden ser modificados en el momento que usted lo desee. No estamos en la obligaci\u00f3n de verificar la identidad actual o la autorizaci\u00f3n de cualquier persona que utilice su nombre de usuario y contrase\u00f1a para acceder y utilizar el sitio web.<\/li>\n<li>Tenemos el derecho a exigir en cualquier momento pruebas de la identidad de cualquier persona que solicite el acceso y uso de la web, y podemos negar el acceso en caso de no quedar satisfechos con dicha respuesta.<\/li>\n<li>Usted es plenamente responsable de la seguridad de su nombre de usuario y contrase\u00f1a y de todos sus usos. Usted se compromete a notificar inmediatamente de cualquier uso no autorizado de su cuenta.<\/li>\n<li>El sitio web no asume ninguna responsabilidad por los da\u00f1os y perjuicios relacionados con el fallo de mantener la seguridad de su contrase\u00f1a.<\/li>\n<li>Utilizamos cookies para asegurar que se le proporcione la mejor experiencia en nuestro sitio web. Si continua sin cambiar la configuraci\u00f3n, suponemos que usted est\u00e1 feliz de recibir todas las cookies en el sitio web.<\/li>\n<li>Una cookie se refiere a un fichero que es enviado con la finalidad de solicitar permiso para almacenarse en su dispositivo. Al aceptar dicho fichero se crea y la cookie sirve entonces para tener informaci\u00f3n respecto al tr\u00e1fico web, y tambi\u00e9n facilita las futuras visitas a una web recurrente. Usted puede eliminar las cookies en cualquier momento desde su dispositivo, sin embargo, estas ayudan a proporcionar un servicio personalizado de la web.<\/li>\n<\/ul>\n<p>&nbsp;<\/p>\n<p><strong>Comunicaciones electr\u00f3nicas<\/strong><\/p>\n<p>&nbsp;<\/p>\n<ul>\n<li>Cuando usted visita este sitio web o nos env\u00eda un correo electr\u00f3nico, usted se est\u00e1 comunicando con nosotros, por ende, aprueba recibir comunicaciones de nuestra parte.<\/li>\n<li>Podemos comunicarnos con usted por correo electr\u00f3nico, mediante la publicaci\u00f3n de avisos en este sitio web o mediante nuestras redes sociales. Usted acepta que todos los acuerdos, avisos y dem\u00e1s comunicaciones que le proporcionamos electr\u00f3nicamente, satisfacen cualquier requisito legal como si tales comunicaciones fueran por escrito.<\/li>\n<\/ul>\n<p>&nbsp;<\/p>\n<p><strong>Testimonios y calificaciones<\/strong><\/p>\n<p>&nbsp;<\/p>\n<ul>\n<li>Los testimonios y las calificaciones que usted puede dar espor\u00e1dicamente para ayudarnos a mejorar el servicio que le proporcionamos, podr\u00e1n utilizarse en publicidad y otras formas de comercializaci\u00f3n. Al aceptar estos t\u00e9rminos y condiciones acepta el uso de su informaci\u00f3n en material de marketing.<\/li>\n<\/ul>\n<p>&nbsp;<\/p>\n<p><strong>Limitaciones de responsabilidad<\/strong><\/p>\n<p>&nbsp;<\/p>\n<ul>\n<li>Nuestro equipo no asume ninguna responsabilidad por los da\u00f1os y\/o perjuicios debido a cualquier virus que pudiera infectar su computadora o equipos de telecomunicaciones, u otros bienes surgidos en el acceso, utilizaci\u00f3n o navegaci\u00f3n de este sitio web, as\u00ed como la informaci\u00f3n o material mismo.<\/li>\n<\/ul>\n<p>&nbsp;<\/p>\n<p><strong>Revisiones de los t\u00e9rminos y condiciones<\/strong><\/p>\n<p>&nbsp;<\/p>\n<ul>\n<li>Nuestro equipo se reserva el derecho de modificar las pol\u00edticas que se har\u00e1n efectivas inmediatamente despu\u00e9s de su publicaci\u00f3n, por lo que las modificaciones tendr\u00e1n efecto a partir del momento de su compra, no siendo aplicable a compras anteriores al momento de su publicaci\u00f3n.<\/li>\n<li>Los T\u00e9rminos y Condiciones podr\u00e1n ser modificados en cualquier momento, por lo cual debe visitar esta p\u00e1gina con frecuencia para revisar los T\u00e9rminos y Condiciones actuales.<\/li>\n<\/ul>\n<p><strong>Pol\u00edticas de entrega<\/strong><\/p>\n<p>&nbsp;<\/p>\n<ul>\n<li>En Merkli ser\u00e1 una ley cumplir con el tiempo de entrega para que el cliente est\u00e9 satisfecho con el servicio brindado.<\/li>\n<li>Entendemos por tiempo de entrega el per\u00edodo que tomaremos para hacerle llegar los productos adquiridos en nuestro sitio web, desde nuestro taller hasta su domicilio o que est\u00e9 disponible para su recogida en taller.<\/li>\n<li>Contamos con tres opciones de entrega: entrega inmediata en domicilio (Premium), entrega en domicilio, recogida en almac\u00e9n.<\/li>\n<li>Ver m\u00e1s: <a href=\"https:\/\/alcansan.com\/Merkli\/index.php\/tarifas-de-transportacion\/\">Tarifas de transportaci\u00f3n &#8211; Merkli (alcansan.com)<\/a><\/li>\n<\/ul>\n<p>&nbsp;<\/p>\n<p>Fecha de actualizaci\u00f3n: 25\/09\/2024<\/p>\n","protected":false},"excerpt":{"rendered":"<p>T\u00e9rminos y condiciones El acceso a este sitio est\u00e1 condicionado por la previa lectura y aceptaci\u00f3n de usted de las informaciones contenida en estos T\u00e9rminos&hellip;<\/p>\n","protected":false},"author":1,"featured_media":0,"parent":0,"menu_order":0,"comment_status":"closed","ping_status":"closed","template":"","meta":{"_monsterinsights_skip_tracking":false,"_monsterinsights_sitenote_active":false,"_monsterinsights_sitenote_note":"","_monsterinsights_sitenote_category":0,"footnotes":""},"class_list":["post-255","page","type-page","status-publish","hentry"],"yoast_head":"<!-- This site is optimized with the Yoast SEO plugin v25.8 - https:\/\/yoast.com\/wordpress\/plugins\/seo\/ -->\n<title>T\u00e9rminos y condiciones de uso - Merkli<\/title>\n<meta name=\"robots\" content=\"index, follow, max-snippet:-1, max-image-preview:large, max-video-preview:-1\" \/>\n<link rel=\"canonical\" href=\"https:\/\/merkli.shop\/index.php\/terminos-y-condiciones-de-uso\/\" \/>\n<meta property=\"og:locale\" content=\"es_ES\" \/>\n<meta property=\"og:type\" content=\"article\" \/>\n<meta property=\"og:title\" content=\"T\u00e9rminos y condiciones de uso - Merkli\" \/>\n<meta property=\"og:description\" content=\"T\u00e9rminos y condiciones El acceso a este sitio est\u00e1 condicionado por la previa lectura y aceptaci\u00f3n de usted de las informaciones contenida en estos T\u00e9rminos&hellip;\" \/>\n<meta property=\"og:url\" content=\"https:\/\/merkli.shop\/index.php\/terminos-y-condiciones-de-uso\/\" \/>\n<meta property=\"og:site_name\" content=\"Merkli\" \/>\n<meta property=\"article:modified_time\" content=\"2024-09-25T19:23:10+00:00\" \/>\n<meta name=\"twitter:card\" content=\"summary_large_image\" \/>\n<meta name=\"twitter:label1\" content=\"Tiempo de lectura\" \/>\n\t<meta name=\"twitter:data1\" content=\"7 minutos\" \/>\n<script type=\"application\/ld+json\" class=\"yoast-schema-graph\">{\"@context\":\"https:\/\/schema.org\",\"@graph\":[{\"@type\":\"WebPage\",\"@id\":\"https:\/\/merkli.shop\/index.php\/terminos-y-condiciones-de-uso\/\",\"url\":\"https:\/\/merkli.shop\/index.php\/terminos-y-condiciones-de-uso\/\",\"name\":\"T\u00e9rminos y condiciones de uso - Merkli\",\"isPartOf\":{\"@id\":\"https:\/\/merkli.shop\/#website\"},\"datePublished\":\"2024-08-28T14:30:50+00:00\",\"dateModified\":\"2024-09-25T19:23:10+00:00\",\"breadcrumb\":{\"@id\":\"https:\/\/merkli.shop\/index.php\/terminos-y-condiciones-de-uso\/#breadcrumb\"},\"inLanguage\":\"es\",\"potentialAction\":[{\"@type\":\"ReadAction\",\"target\":[\"https:\/\/merkli.shop\/index.php\/terminos-y-condiciones-de-uso\/\"]}]},{\"@type\":\"BreadcrumbList\",\"@id\":\"https:\/\/merkli.shop\/index.php\/terminos-y-condiciones-de-uso\/#breadcrumb\",\"itemListElement\":[{\"@type\":\"ListItem\",\"position\":1,\"name\":\"Portada\",\"item\":\"https:\/\/merkli.shop\/\"},{\"@type\":\"ListItem\",\"position\":2,\"name\":\"T\u00e9rminos y condiciones de uso\"}]},{\"@type\":\"WebSite\",\"@id\":\"https:\/\/merkli.shop\/#website\",\"url\":\"https:\/\/merkli.shop\/\",\"name\":\"Merkli\",\"description\":\"M\u00e1s cerca de tus productos.\",\"publisher\":{\"@id\":\"https:\/\/merkli.shop\/#organization\"},\"potentialAction\":[{\"@type\":\"SearchAction\",\"target\":{\"@type\":\"EntryPoint\",\"urlTemplate\":\"https:\/\/merkli.shop\/?s={search_term_string}\"},\"query-input\":{\"@type\":\"PropertyValueSpecification\",\"valueRequired\":true,\"valueName\":\"search_term_string\"}}],\"inLanguage\":\"es\"},{\"@type\":\"Organization\",\"@id\":\"https:\/\/merkli.shop\/#organization\",\"name\":\"Merkli\",\"url\":\"https:\/\/merkli.shop\/\",\"logo\":{\"@type\":\"ImageObject\",\"inLanguage\":\"es\",\"@id\":\"https:\/\/merkli.shop\/#\/schema\/logo\/image\/\",\"url\":\"https:\/\/merkli.shop\/wp-content\/uploads\/2025\/04\/logoyo-1-scaled.png\",\"contentUrl\":\"https:\/\/merkli.shop\/wp-content\/uploads\/2025\/04\/logoyo-1-scaled.png\",\"width\":2560,\"height\":903,\"caption\":\"Merkli\"},\"image\":{\"@id\":\"https:\/\/merkli.shop\/#\/schema\/logo\/image\/\"}}]}<\/script>\n<!-- \/ Yoast SEO plugin. -->","yoast_head_json":{"title":"T\u00e9rminos y condiciones de uso - Merkli","robots":{"index":"index","follow":"follow","max-snippet":"max-snippet:-1","max-image-preview":"max-image-preview:large","max-video-preview":"max-video-preview:-1"},"canonical":"https:\/\/merkli.shop\/index.php\/terminos-y-condiciones-de-uso\/","og_locale":"es_ES","og_type":"article","og_title":"T\u00e9rminos y condiciones de uso - Merkli","og_description":"T\u00e9rminos y condiciones El acceso a este sitio est\u00e1 condicionado por la previa lectura y aceptaci\u00f3n de usted de las informaciones contenida en estos T\u00e9rminos&hellip;","og_url":"https:\/\/merkli.shop\/index.php\/terminos-y-condiciones-de-uso\/","og_site_name":"Merkli","article_modified_time":"2024-09-25T19:23:10+00:00","twitter_card":"summary_large_image","twitter_misc":{"Tiempo de lectura":"7 minutos"},"schema":{"@context":"https:\/\/schema.org","@graph":[{"@type":"WebPage","@id":"https:\/\/merkli.shop\/index.php\/terminos-y-condiciones-de-uso\/","url":"https:\/\/merkli.shop\/index.php\/terminos-y-condiciones-de-uso\/","name":"T\u00e9rminos y condiciones de uso - Merkli","isPartOf":{"@id":"https:\/\/merkli.shop\/#website"},"datePublished":"2024-08-28T14:30:50+00:00","dateModified":"2024-09-25T19:23:10+00:00","breadcrumb":{"@id":"https:\/\/merkli.shop\/index.php\/terminos-y-condiciones-de-uso\/#breadcrumb"},"inLanguage":"es","potentialAction":[{"@type":"ReadAction","target":["https:\/\/merkli.shop\/index.php\/terminos-y-condiciones-de-uso\/"]}]},{"@type":"BreadcrumbList","@id":"https:\/\/merkli.shop\/index.php\/terminos-y-condiciones-de-uso\/#breadcrumb","itemListElement":[{"@type":"ListItem","position":1,"name":"Portada","item":"https:\/\/merkli.shop\/"},{"@type":"ListItem","position":2,"name":"T\u00e9rminos y condiciones de uso"}]},{"@type":"WebSite","@id":"https:\/\/merkli.shop\/#website","url":"https:\/\/merkli.shop\/","name":"Merkli","description":"M\u00e1s cerca de tus productos.","publisher":{"@id":"https:\/\/merkli.shop\/#organization"},"potentialAction":[{"@type":"SearchAction","target":{"@type":"EntryPoint","urlTemplate":"https:\/\/merkli.shop\/?s={search_term_string}"},"query-input":{"@type":"PropertyValueSpecification","valueRequired":true,"valueName":"search_term_string"}}],"inLanguage":"es"},{"@type":"Organization","@id":"https:\/\/merkli.shop\/#organization","name":"Merkli","url":"https:\/\/merkli.shop\/","logo":{"@type":"ImageObject","inLanguage":"es","@id":"https:\/\/merkli.shop\/#\/schema\/logo\/image\/","url":"https:\/\/merkli.shop\/wp-content\/uploads\/2025\/04\/logoyo-1-scaled.png","contentUrl":"https:\/\/merkli.shop\/wp-content\/uploads\/2025\/04\/logoyo-1-scaled.png","width":2560,"height":903,"caption":"Merkli"},"image":{"@id":"https:\/\/merkli.shop\/#\/schema\/logo\/image\/"}}]}},"jetpack_sharing_enabled":true,"_links":{"self":[{"href":"https:\/\/merkli.shop\/index.php\/wp-json\/wp\/v2\/pages\/255","targetHints":{"allow":["GET"]}}],"collection":[{"href":"https:\/\/merkli.shop\/index.php\/wp-json\/wp\/v2\/pages"}],"about":[{"href":"https:\/\/merkli.shop\/index.php\/wp-json\/wp\/v2\/types\/page"}],"author":[{"embeddable":true,"href":"https:\/\/merkli.shop\/index.php\/wp-json\/wp\/v2\/users\/1"}],"replies":[{"embeddable":true,"href":"https:\/\/merkli.shop\/index.php\/wp-json\/wp\/v2\/comments?post=255"}],"version-history":[{"count":1,"href":"https:\/\/merkli.shop\/index.php\/wp-json\/wp\/v2\/pages\/255\/revisions"}],"predecessor-version":[{"id":623,"href":"https:\/\/merkli.shop\/index.php\/wp-json\/wp\/v2\/pages\/255\/revisions\/623"}],"wp:attachment":[{"href":"https:\/\/merkli.shop\/index.php\/wp-json\/wp\/v2\/media?parent=255"}],"curies":[{"name":"wp","href":"https:\/\/api.w.org\/{rel}","templated":true}]}}